 + 7. Determine v(8).
-9
Let q(y) = -7*y + 42. Calculate q(4).
14
Let y(t) = -2*t**3 + 10*t**2 - 10*t + 14. What is y(4)?
6
Let x(o) = -o**3 + 3*o**2 - 4*o + 1. Calculate x(3).
-11
Let d(w) = w**3 - 8*w**2 - 5*w + 18. What is d(9)?
54
Let u(i) = -19*i - 4. What is u(2)?
-42
Let d(p) = p + 28. What is d(19)?
47
Let p(y) = 16*y + 7. Determine p(-2).
-25
Let m(r) = -20*r - 418. What is m(-21)?
2
Let f(b) = -22*b**3 - b**2 - 2*b - 2. What is f(-1)?
21
Let z(x) = 2*x**2 + 8*x + 4. Give z(-3).
-2
Let o(a) = -29*a - 257. Determine o(-9).
4
Let u(x) = 18*x + 175. Calculate u(-10).
-5
Let q(h) = -3*h**2 - 4*h + 22. Give q(-8).
-138
Let h(x) = x**3 + 9*x**2 + 6*x - 51. Give h(-7).
5
Let r(y) = 31*y**2 + 5*y + 6. What is r(-2)?
120
Let i(o) = 16*o - 38. Calculate i(-4).
-102
Let i(p) = p**3 + 5*p**2 + 1. Calculate i(-5).
1
Let j(m) = m**3 + 2*m**2 + 2*m - 1. What is j(-2)?
-5
Let q(i) = i + 21. Give q(-11).
10
Let t(j) = -j**2 + 6*j + 5. Determine t(7).
-2
Let w(r) = 12*r + 53. What is w(-7)?
-31
Let b(t) = t**2 - 2*t - 3. What is b(9)?
60
Let d(x) = -x - 5. Give d(-9).
4
Let d(g) = 3*g**2 - 38*g + 3. Give d(13).
16
Let l(b) = b**2 - 5*b + 7. Give l(4).
3
Let c(s) = 3*s**3 - 5*s**2 + 5*s - 3. What is c(3)?
48
Let l(m) = 2*m**3 + 6*m**2 + 2*m + 3. What is l(-4)?
-37
Let u(j) = -j + 8. Give u(6).
2
Let c(i) = -i**2 + 7*i - 12. Give c(4).
0
Let p(w) = w**2 - 23*w + 41. Calculate p(22).
19
Let h(m) = m**3 + 3*m**2 - 5. Calculate h(-3).
-5
Let j(x) = 5*x + 155. Calculate j(-30).
5
Let p(z) = z**2 - 3*z - 2. Give p(4).
2
Let z(f) = -f**2 - 7*f + 27. What is z(-7)?
27
Let i(l) = 522*l + 1573. Determine i(-3).
7
Let z(q) = -7*q - 44. What is z(-7)?
5
Let r(u) = 6*u + 126. What is r(-19)?
12
Let d(n) = -2*n**2 + 12*n - 17. Give d(8).
-49
Let s(t) = -11*t**2. Calculate s(-1).
-11
Let x(h) = h**3 - 15*h**2 + 25*h + 15. Calculate x(13).
2
Let o(b) = -2*b. Give o(0).
0
Let t(x) = -11*x + 392. Determine t(36).
-4
Let y(a) = -a**3 + 5*a**2 - 9. Determine y(5).
-9
Let o(r) = -r**2 + 29*r - 18. Calculate o(11).
180
Let t(g) = -10*g**3 + 2*g**2 + 4*g - 1. What is t(-1)?
7
Let l(h) = -4*h + 19. Determine l(20).
-61
Let d(c) = -7*c - 112. Determine d(-16).
0
Let u(l) = l**2 - 8*l - 40. Calculate u(12).
8
Let i(x) = x**2 + 6*x + 2. Give i(-3).
-7
Let w(c) = c**3 + 12*c**2 + 5*c + 26. Calculate w(-12).
-34
Let c(y) = 4*y + 3. Give c(-6).
-21
Let q(u) = -2*u**2 - 4*u + 14. Calculate q(2).
-2
Let a(v) = -3*v**3 - 3*v**2 + 3*v - 1. What is a(1)?
-4
Let s(k) = -3*k + 10. Give s(11).
-23
Let g(o) = o**2 + 51*o - 413. What is g(7)?
-7
Let g(k) = -2*k**3 - k**2 - 2*k - 61. Give g(0).
-61
Let o(i) = -i**2 + 7*i - 9. Calculate o(6).
-3
Let y(k) = k**3 + k**2 - 4*k - 2. Give y(4).
62
Let t(v) = v**3 - 9*v**2 - 12*v + 43. Give t(9).
-65
Let t(o) = -3*o**2 + 48*o - 68. Give t(15).
-23
Let d(j) = -j + 4. What is d(7)?
-3
Let d(l) = 3*l + 76. Give d(-27).
-5
Let t(c) = -c**2 - 11*c + 6. Calculate t(-7).
34
Let y(z) = -z**3 + 3*z**2 + 8*z + 13. What is y(6)?
-47
Let a(r) = 3*r + 26. Give a(-13).
-13
Let c(b) = -14*b + 1. What is c(-3)?
43
Let f(q) = -4*q - 71. What is f(-14)?
-15
Let b(k) = 5*k - 57. What is b(10)?
-7
Let n(p) = -5*p + 16. Calculate n(11).
-39
Let r(n) = -n**3 - 2*n**2 - 2*n - 6. Calculate r(-3).
9
Let w(l) = -62*l**2 + 1. What is w(1)?
-61
Let v(d) = d**2 - 3*d. Give v(5).
10
Let l(g) = -64*g + 314. What is l(5)?
-6
Let g(h) = -2*h**2 - 35*h - 40. Determine g(-17).
-23
Let a(c) = -2*c + 44. Calculate a(14).
16
Let o(f) = -5*f + 18. Determine o(-1).
23
Let h(d) = -10*d**2 - 36*d + 2. Determine h(-4).
-14
Let h(v) = -10*v**3 + 1. Give h(-2).
81
Let z(q) = 4*q**2 - 31*q - 6. Determine z(8).
2
Let p(o) = -o**3 + 9*o**2 + 6*o + 10. Calculate p(10).
-30
Let p(q) = -q**3 + 9*q**2 - 47*q + 325. Calculate p(8).
13
Let a(s) = -49*s + 23. What is a(1)?
-26
Let r(h) = -7*h**3 - h**2 + 1. Calculate r(-1).
7
Let p(x) = 2*x**3 + 2*x**2 + 2*x - 6. Give p(-3).
-48
Let s(q) = 2*q**2 - 15*q - 23. What is s(9)?
4
Let w(n) = -n**3 + 30*n**2 - 158*n - 60. What is w(23)?
9
Let r(s) = -2*s**2 - 14*s - 7. Give r(-7).
-7
Let q(k) = k**2 - 7*k + 6. Calculate q(7).
6
Let b(d) = -31*d + 2. Determine b(0).
2
Let z(s) = -s**3 + s**2 + 10. What is z(0)?
10
Let v(i) = i**2 - 7*i - 6. Calculate v(7).
-6
Let o(r) = -r**3 + 20*r**2 - 12*r + 253. What is o(20)?
13
Let d(t) = -t + 8. Give d(-3).
11
Let h(n) = 8*n - 1. Determine h(2).
15
Let b(z) = z**3 - 9*z**2 + 14*z - 2. What is b(2)?
-2
Let x(z) = z**3 + 2*z**2 - z + 9. Give x(0).
9
Let f(d) = -d**3 + 6*d**2 - 4. What is f(6)?
-4
Let d(c) = -c + 32. Give d(30).
2
Let w(x) = 4*x**3 + 6*x**2 - 5*x - 2. What is w(-2)?
0
Let s(d) = d**2 - 8*d + 9. What is s(7)?
2
Let f(k) = k**2 + 21*k - 3. Determine f(-15).
-93
Let v(f) = -11*f**3 - 2*f - 2. What is v(-1)?
11
Let a(t) = t**3 - 7*t**2 - 17*t - 8. What is a(9)?
1
Let g(i) = -i + 1. Determine g(-8).
9
Let m(c) = c**3 + 7*c**2 - 2*c - 48. Give m(-6).
0
Let m(y) = -4*y**2 + y - 2. Give m(2).
-16
Let s(x) = -x**2 - 11*x + 27. Calculate s(-14).
-15
Let h(s) = 6*s**3 - 2*s**2 - 3*s - 2. What is h(-1)?
-7
Let f(u) = -10*u + 34. Determine f(3).
4
Let d(z) = -z**3 + 11*z**2 - 3*z + 4. Determine d(8).
172
Let v(r) = r + 1. Determine v(-7).
-6
Let v(q) = -q**3 - 4*q**2 + 8*q + 11. Calculate v(-5).
-4
Let c(w) = w**2 + 14*w - 36. Determine c(-16).
-4
Let m(y) = 5*y - 39. Calculate m(9).
6
Let v(z) = -27*z - 641. Give v(-24).
7
Let q(n) = -16*n + 6. Determine q(-5).
86
Let a(b) = -3*b - 1. Determine a(13).
-40
Let u(d) = -d**3 - 14*d**2 - 14*d - 25. What is u(-13)?
-12
Let i(v) = v**3 - 5*v**2 - 4*v + 5. Give i(6).
17
Let c(x) = -8*x + 54. Calculate c(10).
-26
Let p(k) = -k**3 + 5*k**2 + 2*k - 3. What is p(-2)?
21
Let m(i) = i**3 + 12*i**2 + 13*i + 13. What is m(-11)?
-9
Let m(q) = q**3 - 6*q**2 + 2*q + 4. Give m(6).
16
Let j(g) = 3*g**2 - g - 2. Calculate j(3).
22
Let f(o) = 2*o**2 + 71*o + 518. Calculate f(-25).
-7
Let y(d) = -d**3 + 5*d**2 + 23. Calculate y(6).
-13
Let i(c) = -2*c**3 - 10*c**2 - c - 3. Calculate i(-5).
2
Let k(n) = -3*n**2 - 2*n - 7. Give k(-3).
-28
Let t(f) = 10*f + 47. What is t(-7)?
-23
Let b(c) = -c**2 - 10*c - 19. What is b(-5)?
6
Let s(l) = -l**3 - 41*l**2 - 116*l - 89. Calculate s(-38).
-13
Let n(t) = 3*t**2 + 92*t + 155. Give n(-29).
10
Let y(t) = -6*t. Give y(6).
-36
Let u(w) = 3*w - 15. Give u(14).
27
Let m(v) = v**3 - 11*v**2 + 20*v - 18. Calculate m(9).
0
Let k(w) = -2*w**2 + 57*w - 37. Give k(28).
-9
Let z(t) = -13*t. What is z(1)?
-13
Let s(w) = -w + 1. Determine s(-6).
7
Let m(r) = r**3 - 34*r**2 + 30*r + 83. Calculate m(33).
-16
Let o(a) = -7*a + 71. Determine o(10).
1
Let x(l) = 2*l**2 + 2*l + 20. Determine x(0).
20
Let q(a) = -a**2 + 7*a - 12. Calculate q(9).
-30
Let u(j) = -48*j + 287. What is u(6)?
-1
Let x(z) = 3*z**2 + 11*z - 6. Calculate x(-4).
-2
Let d(b) = -8*b + 37. Calculate d(0).
37
Let k(l) = -6*l**2 - 2*l + 7. What is k(0)?
7
Let v(t) = -5*t - 7. What is v(0)?
-7
Let r(z) = -z**2 - 18*z - 47. Give r(-15).
-2
Let y(o) = -13*o + 43. Determine y(3).
4
Let u(z) = -z**2 - 14*z - 5. Give u(-13).
8
Let i(b) = 3*b**2 + 2*b - 2. Determine i(-2).
6
Let q(i) = i**3 - 10*i**2 + 10*i + 13. Determine q(9).
22
Let u(c) = -4*c**2 - 11*c - 21. Calculate u(-6).
-99
Let q(w) = -3*w**2 - 21*w - 2. Determine q(-7).
-2
Let y(o) = -o**3 + 7*o**2 + 11*o - 3. Determine y(8).
21
Let z(r) = r**2 - 9*r + 9. Give z(2).
-5
Let k(s) = -4*s - 44. Give k(-13).
8
Let c(o) = -o**3 - 8*o**2 - 5*o - 12. What is c(-7)?
-26
Let v(h) = -3*h - 45. Calculate v(-13).
-6
Let h(i) = -i + 4. Determine h(18).
-14
Let t(c) = c**3 - 9*c**2 + 8*c - 5. Give t(8).
-5
Let r(j) = -3*j**3 + 2*j**2 + 4*j - 5. Give r(2).
-13
Let v(c) = -c**3 + 2*c**2 + 3*c + 1. Calculate v(-2).
11
Let m(t) = 2*t**2 + 21*t - 49. Calculate m(-13).
16
Let g(a) = 35*a + 109. Calculate g(-2).
39
Let k(x) = x**2 - 6*x - 14. What is k(8)?
2
Let r(u) = 5*u + 94. What is r(-17)?
9
Let f(w) = w**3 + 23*w**2 + 26*w + 92. Determine f(-22).
4
Let n(j) = j**2 - 18*j + 20. Calculate n(21).
83
Let w(o) = -o - 4. What is w(-7)?
3
Let k(l) = 2*l + 6. Give k(2).
10
Let x(f) = f**3 + 11*f**2 + 21*f - 5. What is x(-3)?
4
Let q(s) = 2*s + 3. What is q(-8)?
-13
Let v(d) = -d**3 + 5. Give v(0).
5
Let z(l) = l**2 - 61*l + 232. Determine z(57).
4
Let q(g) = 2*g**3 + 2*